{"id":1012,"date":"2024-12-03T17:16:35","date_gmt":"2024-12-03T16:16:35","guid":{"rendered":"https:\/\/www.betijaialai.eus\/berria\/?page_id=1012"},"modified":"2025-03-12T20:45:51","modified_gmt":"2025-03-12T19:45:51","slug":"2004-2018-masustegiko-estrata","status":"publish","type":"page","link":"https:\/\/www.betijaialai.eus\/cas\/2004-2018-masustegiko-estrata\/","title":{"rendered":"2004 \u2013 2018 : Estrada de Masustegi"},"content":{"rendered":"<div style=\"height:50px\" aria-hidden=\"true\" class=\"wp-block-spacer\"><\/div>\n\n\n\n<h2 class=\"wp-block-heading has-text-align-center\"><strong>2004 \u2013 2018 : Estrada de Masustegi<\/strong><\/h2>\n\n\n\n<div class=\"wp-block-columns is-layout-flex wp-container-core-columns-is-layout-a5331a9e wp-block-columns-is-layout-flex\" style=\"padding-top:0;padding-right:0;padding-bottom:0;padding-left:0\">\n<div class=\"wp-block-column is-layout-flow wp-block-column-is-layout-flow\">\n<p style=\"font-size:22px;line-height:1.8\">Teniendo en cuenta que el local de Estrada de Mala resulta insuficiente, se decide comprar un local que cubra todas las necesidades que con el paso de los a\u00f1os el Beti Jai Alai ha ido generando. El amplio local permite habilitar un gran espacio para guardar la ropa y se abandonan definitivamente los locales de la Iglesia.<\/p>\n\n\n\n<p style=\"font-size:22px;line-height:1.8\">El grupo sigue creciendo y en 2005 el Ayuntamiento le nombra \u201cIlustre de Bilbao\u201d, fruto del trabajo de recuperaci\u00f3n de la Ezpata Dantza y Aurresku de Bego\u00f1a; posteriormente tambi\u00e9n es reconocido por Onda Cero como \u201cVillano de Bilbao\u201d.<\/p>\n<\/div>\n\n\n\n<div class=\"wp-block-column is-layout-flow wp-block-column-is-layout-flow\">\n<div style=\"height:4px\" aria-hidden=\"true\" class=\"wp-block-spacer\"><\/div>\n\n\n\n<figure class=\"wp-block-image aligncenter size-full\"><img loading=\"lazy\" decoding=\"async\" width=\"523\" height=\"362\" src=\"https:\/\/www.betijaialai.eus\/berria\/wp-content\/uploads\/2024\/12\/Imagen6.png\" alt=\"\" class=\"wp-image-1013\" srcset=\"https:\/\/www.betijaialai.eus\/wp-content\/uploads\/2024\/12\/Imagen6.png 523w, https:\/\/www.betijaialai.eus\/wp-content\/uploads\/2024\/12\/Imagen6-300x208.png 300w\" sizes=\"auto, (max-width: 523px) 100vw, 523px\" \/><\/figure>\n<\/div>\n<\/div>\n\n\n\n<p style=\"margin-top:var(--wp--preset--spacing--50);font-size:22px;line-height:1.8\">En esta \u00e9poca se sigue participando en festivales internacionales, y el grupo viaja a Chequia, Portugal, Inglaterra, Cerde\u00f1a, B\u00e9lgica, Holanda\u2026<\/p>\n\n\n\n<p style=\"font-size:22px;line-height:1.8\">Por otro lado, se contin\u00faa, con la ayuda de I\u00f1aki Irigoien, con la labor de recuperar bailes y tradiciones perdidas: bailes del Corpus en Bilbao, Bailes de Sal\u00f3n del siglo XVI, comparsa de turcos de carnavales de Bilbao\u2026 Con algunos de estos bailes se organiza en el teatro Arriaga en 2008 el espect\u00e1culo \u201cDanzas y Fiestas en Bilbao\u201d, como una de las principales actividades realizadas en el 40 aniversario del grupo. En este acto se elabora un programa de 4 estampas de Bilbao:<\/p>\n\n\n\n<ul class=\"wp-block-list\">\n<li style=\"margin-left:var(--wp--preset--spacing--80);font-size:22px;line-height:1.8\">Fiesta del siglo XVI de los nobles\/haundikis de Bilbao: torneo y bailes de la \u00e9poca.<\/li>\n\n\n\n<li style=\"margin-left:var(--wp--preset--spacing--80);font-size:22px;line-height:1.8\">Fiesta del Corpus Christi de los siglos XVII y XVIII: procesi\u00f3n con dantzaris y gigantes.<\/li>\n\n\n\n<li style=\"margin-left:var(--wp--preset--spacing--80);font-size:22px;line-height:1.8\">Carnavales en Bilbao, siglo XIX y XX<\/li>\n\n\n\n<li style=\"margin-left:var(--wp--preset--spacing--80);font-size:22px;line-height:1.8\">Romer\u00eda en Bilbao y anteiglesias cercanas, y aurresku y danzas realizadas en la actualidad en Bego\u00f1a.<\/li>\n<\/ul>\n\n\n\n<p style=\"font-size:22px;line-height:1.8\">Con motivo del 40 aniversario se realizan as\u00ed mismo, actos repartidos durante todo el a\u00f1o: Romer\u00edas en Basurto, Kalejiras por el barrio a cargo de los Txistularis de Bilbao, exposici\u00f3n de trajes en los locales de Bizkaiko Dantzarien Biltzarra, comida popular en la que se cuenta con la participaci\u00f3n del trikitrilari Kepa Junkera, Gaiteros de Pamplona, Bizkaiko Gaiteroak, etc. En esa comida se juntan alrededor de 450 personas, entre antiguos y nuevos componentes y colaboradores del grupo. Tambi\u00e9n se edita un libro en el que con 40 fotograf\u00edas se quiere repasar los 40 a\u00f1os de historia del grupo.<\/p>\n\n\n\n<p style=\"font-size:22px;line-height:1.8\">Sin embargo, a pesar del gran trabajo de recuperaci\u00f3n llevado a cabo durante estos a\u00f1os, el Beti Jai Alai sigue manteniendo la filosof\u00eda y esencia que le ha caracterizado siempre, y as\u00ed en 2015 realiza el espect\u00e1culo \u201cEuskal Herria sokan\u201d en diferentes teatros, donde teniendo como nexo una figura muy representativa de la danza en Euskal Herria, como es la soka, se van ejecutando danzas de toda la geograf\u00eda vasca.<\/p>\n\n\n\n<div class=\"wp-block-columns is-layout-flex wp-container-core-columns-is-layout-a5331a9e wp-block-columns-is-layout-flex\" style=\"padding-top:0;padding-right:0;padding-bottom:0;padding-left:0;font-size:21px\">\n<div class=\"wp-block-column is-layout-flow wp-block-column-is-layout-flow\">\n<p style=\"font-size:21px;line-height:1.8\">En 2018 se producen dos hechos muy importantes para el BETI JAI ALAI: por un lado, el 21 de abril de ese a\u00f1o se cumplen 50 a\u00f1os de la fundaci\u00f3n del grupo, y se pone en marcha un programa con actividades que se celebran a lo largo de todo el a\u00f1o, una actividad por mes, que culminar\u00eda con un espect\u00e1culo conmemorativo de los 50 a\u00f1os de historia del grupo en el Teatro Arriaga; por otro, el 19 de febrero, tras haber participado en la elaboraci\u00f3n del programa, y realizadas ya las primeras actividades, muere Jon Pertika, fundador del grupo, y \u201calma m\u00e1ter\u201d del grupo a lo largo de todos sus a\u00f1os de existencia.<br>Finalmente, el espect\u00e1culo del Arriaga, adem\u00e1s de para conmemorar los 50 a\u00f1os de historia del Beti Jai Alai, sirve para ofrecer un sentido homenaje a Jon Pertika.<\/p>\n<\/div>\n\n\n\n<div class=\"wp-block-column is-layout-flow wp-block-column-is-layout-flow\">\n<div style=\"height:35px\" aria-hidden=\"true\" class=\"wp-block-spacer\"><\/div>\n\n\n\n<figure class=\"wp-block-image size-full is-resized\" style=\"margin-top:0;margin-right:0;margin-bottom:0;margin-left:0\"><img loading=\"lazy\" decoding=\"async\" width=\"555\" height=\"369\" src=\"https:\/\/www.betijaialai.eus\/berria\/wp-content\/uploads\/2024\/12\/Imagen7.png\" alt=\"\" class=\"wp-image-1014\" style=\"width:582px;height:auto\" srcset=\"https:\/\/www.betijaialai.eus\/wp-content\/uploads\/2024\/12\/Imagen7.png 555w, https:\/\/www.betijaialai.eus\/wp-content\/uploads\/2024\/12\/Imagen7-300x199.png 300w\" sizes=\"auto, (max-width: 555px) 100vw, 555px\" \/><\/figure>\n<\/div>\n<\/div>\n\n\n\n<p style=\"margin-top:var(--wp--preset--spacing--40);font-size:22px;line-height:1.8\">En junio de 2022, el Ayuntamiento de Bilbao inaugura una escultura en homenaje a Jon Pertika en Sabino Arana.<\/p>\n\n\n\n<figure class=\"wp-block-image aligncenter size-full\"><img loading=\"lazy\" decoding=\"async\" width=\"296\" height=\"397\" src=\"https:\/\/www.betijaialai.eus\/berria\/wp-content\/uploads\/2024\/12\/Imagen8.png\" alt=\"\" class=\"wp-image-1015\" srcset=\"https:\/\/www.betijaialai.eus\/wp-content\/uploads\/2024\/12\/Imagen8.png 296w, https:\/\/www.betijaialai.eus\/wp-content\/uploads\/2024\/12\/Imagen8-224x300.png 224w\" sizes=\"auto, (max-width: 296px) 100vw, 296px\" \/><\/figure>\n\n\n\n<p class=\"has-text-align-right\" style=\"font-size:22px;line-height:1.8\"><a href=\"https:\/\/www.betijaialai.eus\/cas\/berria\/2019-gaur-arte\/\">Seguir leyendo<\/a><\/p>\n\n\n\n<div style=\"height:65px\" aria-hidden=\"true\" class=\"wp-block-spacer\"><\/div>","protected":false},"excerpt":{"rendered":"<p>2004 \u2013 2018 : Masustegiko estrata Malako Estratako lokala nahikoa ez dela kontuan hartuta, Beti Jai Alaik urteen poderioz sortu dituen behar guztiak beteko dituen lokal bat erostea erabakitzen da. [&hellip;]<\/p>\n","protected":false},"author":3,"featured_media":0,"parent":0,"menu_order":0,"comment_status":"closed","ping_status":"closed","template":"","meta":{"_uag_custom_page_level_css":"","site-sidebar-layout":"default","site-content-layout":"","ast-site-content-layout":"","site-content-style":"default","site-sidebar-style":"default","ast-global-header-display":"","ast-banner-title-visibility":"","ast-main-header-display":"","ast-hfb-above-header-display":"","ast-hfb-below-header-display":"","ast-hfb-mobile-header-display":"","site-post-title":"disabled","ast-breadcrumbs-content":"","ast-featured-img":"","footer-sml-layout":"","ast-disable-related-posts":"","theme-transparent-header-meta":"","adv-header-id-meta":"","stick-header-meta":"","header-above-stick-meta":"","header-main-stick-meta":"","header-below-stick-meta":"","astra-migrate-meta-layouts":"default","ast-page-background-enabled":"default","ast-page-background-meta":{"desktop":{"background-color":"var(--ast-global-color-4)","background-image":"","background-repeat":"repeat","background-position":"center center","background-size":"auto","background-attachment":"scroll","background-type":"","background-media":"","overlay-type":"","overlay-color":"","overlay-opacity":"","overlay-gradient":""},"tablet":{"background-color":"","background-image":"","background-repeat":"repeat","background-position":"center center","background-size":"auto","background-attachment":"scroll","background-type":"","background-media":"","overlay-type":"","overlay-color":"","overlay-opacity":"","overlay-gradient":""},"mobile":{"background-color":"","background-image":"","background-repeat":"repeat","background-position":"center center","background-size":"auto","background-attachment":"scroll","background-type":"","background-media":"","overlay-type":"","overlay-color":"","overlay-opacity":"","overlay-gradient":""}},"ast-content-background-meta":{"desktop":{"background-color":"var(--ast-global-color-5)","background-image":"","background-repeat":"repeat","background-position":"center center","background-size":"auto","background-attachment":"scroll","background-type":"","background-media":"","overlay-type":"","overlay-color":"","overlay-opacity":"","overlay-gradient":""},"tablet":{"background-color":"var(--ast-global-color-5)","background-image":"","background-repeat":"repeat","background-position":"center center","background-size":"auto","background-attachment":"scroll","background-type":"","background-media":"","overlay-type":"","overlay-color":"","overlay-opacity":"","overlay-gradient":""},"mobile":{"background-color":"var(--ast-global-color-5)","background-image":"","background-repeat":"repeat","background-position":"center center","background-size":"auto","background-attachment":"scroll","background-type":"","background-media":"","overlay-type":"","overlay-color":"","overlay-opacity":"","overlay-gradient":""}},"footnotes":""},"class_list":["post-1012","page","type-page","status-publish","hentry"],"uagb_featured_image_src":{"full":false,"thumbnail":false,"medium":false,"medium_large":false,"large":false,"1536x1536":false,"2048x2048":false,"trp-custom-language-flag":false},"uagb_author_info":{"display_name":"Sergio Perez","author_link":"https:\/\/www.betijaialai.eus\/cas\/author\/sergio\/"},"uagb_comment_info":0,"uagb_excerpt":"2004 \u2013 2018 : Masustegiko estrata Malako Estratako lokala nahikoa ez dela kontuan hartuta, Beti Jai Alaik urteen poderioz sortu dituen behar guztiak beteko dituen lokal bat erostea erabakitzen da. [&hellip;]","_links":{"self":[{"href":"https:\/\/www.betijaialai.eus\/cas\/wp-json\/wp\/v2\/pages\/1012","targetHints":{"allow":["GET"]}}],"collection":[{"href":"https:\/\/www.betijaialai.eus\/cas\/wp-json\/wp\/v2\/pages"}],"about":[{"href":"https:\/\/www.betijaialai.eus\/cas\/wp-json\/wp\/v2\/types\/page"}],"author":[{"embeddable":true,"href":"https:\/\/www.betijaialai.eus\/cas\/wp-json\/wp\/v2\/users\/3"}],"replies":[{"embeddable":true,"href":"https:\/\/www.betijaialai.eus\/cas\/wp-json\/wp\/v2\/comments?post=1012"}],"version-history":[{"count":14,"href":"https:\/\/www.betijaialai.eus\/cas\/wp-json\/wp\/v2\/pages\/1012\/revisions"}],"predecessor-version":[{"id":1053,"href":"https:\/\/www.betijaialai.eus\/cas\/wp-json\/wp\/v2\/pages\/1012\/revisions\/1053"}],"wp:attachment":[{"href":"https:\/\/www.betijaialai.eus\/cas\/wp-json\/wp\/v2\/media?parent=1012"}],"curies":[{"name":"wp","href":"https:\/\/api.w.org\/{rel}","templated":true}]}}

<div style="height:50px" aria-hidden="true" class="wp-block-spacer"></div>



<h2 class="wp-block-heading has-text-align-center"><strong>2004 – 2018 : Estrada de Masustegi</strong></h2>



<div class="wp-block-columns is-layout-flex wp-container-core-columns-is-layout-a5331a9e wp-block-columns-is-layout-flex" style="padding-top:0;padding-right:0;padding-bottom:0;padding-left:0">
<div class="wp-block-column is-layout-flow wp-block-column-is-layout-flow">
<p style="font-size:22px;line-height:1.8">Teniendo en cuenta que el local de Estrada de Mala resulta insuficiente, se decide comprar un local que cubra todas las necesidades que con el paso de los años el Beti Jai Alai ha ido generando. El amplio local permite habilitar un gran espacio para guardar la ropa y se abandonan definitivamente los locales de la Iglesia.</p>



<p style="font-size:22px;line-height:1.8">El grupo sigue creciendo y en 2005 el Ayuntamiento le nombra “Ilustre de Bilbao”, fruto del trabajo de recuperación de la Ezpata Dantza y Aurresku de Begoña; posteriormente también es reconocido por Onda Cero como “Villano de Bilbao”.</p>
</div>



<div class="wp-block-column is-layout-flow wp-block-column-is-layout-flow">
<div style="height:4px" aria-hidden="true" class="wp-block-spacer"></div>



<figure class="wp-block-image aligncenter size-full"><img loading="lazy" decoding="async" width="523" height="362" src="https://www.betijaialai.eus/berria/wp-content/uploads/2024/12/Imagen6.png" alt="" class="wp-image-1013" srcset="https://www.betijaialai.eus/wp-content/uploads/2024/12/Imagen6.png 523w, https://www.betijaialai.eus/wp-content/uploads/2024/12/Imagen6-300x208.png 300w" sizes="auto, (max-width: 523px) 100vw, 523px" /></figure>
</div>
</div>



<p style="margin-top:var(--wp--preset--spacing--50);font-size:22px;line-height:1.8">En esta época se sigue participando en festivales internacionales, y el grupo viaja a Chequia, Portugal, Inglaterra, Cerdeña, Bélgica, Holanda…</p>



<p style="font-size:22px;line-height:1.8">Por otro lado, se continúa, con la ayuda de Iñaki Irigoien, con la labor de recuperar bailes y tradiciones perdidas: bailes del Corpus en Bilbao, Bailes de Salón del siglo XVI, comparsa de turcos de carnavales de Bilbao… Con algunos de estos bailes se organiza en el teatro Arriaga en 2008 el espectáculo “Danzas y Fiestas en Bilbao”, como una de las principales actividades realizadas en el 40 aniversario del grupo. En este acto se elabora un programa de 4 estampas de Bilbao:</p>



<ul class="wp-block-list">
<li style="margin-left:var(--wp--preset--spacing--80);font-size:22px;line-height:1.8">Fiesta del siglo XVI de los nobles/haundikis de Bilbao: torneo y bailes de la época.</li>



<li style="margin-left:var(--wp--preset--spacing--80);font-size:22px;line-height:1.8">Fiesta del Corpus Christi de los siglos XVII y XVIII: procesión con dantzaris y gigantes.</li>



<li style="margin-left:var(--wp--preset--spacing--80);font-size:22px;line-height:1.8">Carnavales en Bilbao, siglo XIX y XX</li>



<li style="margin-left:var(--wp--preset--spacing--80);font-size:22px;line-height:1.8">Romería en Bilbao y anteiglesias cercanas, y aurresku y danzas realizadas en la actualidad en Begoña.</li>
</ul>



<p style="font-size:22px;line-height:1.8">Con motivo del 40 aniversario se realizan así mismo, actos repartidos durante todo el año: Romerías en Basurto, Kalejiras por el barrio a cargo de los Txistularis de Bilbao, exposición de trajes en los locales de Bizkaiko Dantzarien Biltzarra, comida popular en la que se cuenta con la participación del trikitrilari Kepa Junkera, Gaiteros de Pamplona, Bizkaiko Gaiteroak, etc. En esa comida se juntan alrededor de 450 personas, entre antiguos y nuevos componentes y colaboradores del grupo. También se edita un libro en el que con 40 fotografías se quiere repasar los 40 años de historia del grupo.</p>



<p style="font-size:22px;line-height:1.8">Sin embargo, a pesar del gran trabajo de recuperación llevado a cabo durante estos años, el Beti Jai Alai sigue manteniendo la filosofía y esencia que le ha caracterizado siempre, y así en 2015 realiza el espectáculo “Euskal Herria sokan” en diferentes teatros, donde teniendo como nexo una figura muy representativa de la danza en Euskal Herria, como es la soka, se van ejecutando danzas de toda la geografía vasca.</p>



<div class="wp-block-columns is-layout-flex wp-container-core-columns-is-layout-a5331a9e wp-block-columns-is-layout-flex" style="padding-top:0;padding-right:0;padding-bottom:0;padding-left:0;font-size:21px">
<div class="wp-block-column is-layout-flow wp-block-column-is-layout-flow">
<p style="font-size:21px;line-height:1.8">En 2018 se producen dos hechos muy importantes para el BETI JAI ALAI: por un lado, el 21 de abril de ese año se cumplen 50 años de la fundación del grupo, y se pone en marcha un programa con actividades que se celebran a lo largo de todo el año, una actividad por mes, que culminaría con un espectáculo conmemorativo de los 50 años de historia del grupo en el Teatro Arriaga; por otro, el 19 de febrero, tras haber participado en la elaboración del programa, y realizadas ya las primeras actividades, muere Jon Pertika, fundador del grupo, y “alma máter” del grupo a lo largo de todos sus años de existencia.<br>Finalmente, el espectáculo del Arriaga, además de para conmemorar los 50 años de historia del Beti Jai Alai, sirve para ofrecer un sentido homenaje a Jon Pertika.</p>
</div>



<div class="wp-block-column is-layout-flow wp-block-column-is-layout-flow">
<div style="height:35px" aria-hidden="true" class="wp-block-spacer"></div>



<figure class="wp-block-image size-full is-resized" style="margin-top:0;margin-right:0;margin-bottom:0;margin-left:0"><img loading="lazy" decoding="async" width="555" height="369" src="https://www.betijaialai.eus/berria/wp-content/uploads/2024/12/Imagen7.png" alt="" class="wp-image-1014" style="width:582px;height:auto" srcset="https://www.betijaialai.eus/wp-content/uploads/2024/12/Imagen7.png 555w, https://www.betijaialai.eus/wp-content/uploads/2024/12/Imagen7-300x199.png 300w" sizes="auto, (max-width: 555px) 100vw, 555px" /></figure>
</div>
</div>



<p style="margin-top:var(--wp--preset--spacing--40);font-size:22px;line-height:1.8">En junio de 2022, el Ayuntamiento de Bilbao inaugura una escultura en homenaje a Jon Pertika en Sabino Arana.</p>



<figure class="wp-block-image aligncenter size-full"><img loading="lazy" decoding="async" width="296" height="397" src="https://www.betijaialai.eus/berria/wp-content/uploads/2024/12/Imagen8.png" alt="" class="wp-image-1015" srcset="https://www.betijaialai.eus/wp-content/uploads/2024/12/Imagen8.png 296w, https://www.betijaialai.eus/wp-content/uploads/2024/12/Imagen8-224x300.png 224w" sizes="auto, (max-width: 296px) 100vw, 296px" /></figure>



<p class="has-text-align-right" style="font-size:22px;line-height:1.8"><a href="https://www.betijaialai.eus/cas/berria/2019-gaur-arte/">Seguir leyendo</a></p>



<div style="height:65px" aria-hidden="true" class="wp-block-spacer"></div>
