{"id":1032,"date":"2024-12-03T17:34:14","date_gmt":"2024-12-03T16:34:14","guid":{"rendered":"https:\/\/www.betijaialai.eus\/berria\/?page_id=1032"},"modified":"2025-03-12T20:45:56","modified_gmt":"2025-03-12T19:45:56","slug":"2019-gaur-arte","status":"publish","type":"page","link":"https:\/\/www.betijaialai.eus\/cas\/2019-gaur-arte\/","title":{"rendered":"2019 \u2013 GAUR ARTE"},"content":{"rendered":"<div style=\"height:50px\" aria-hidden=\"true\" class=\"wp-block-spacer\"><\/div>\n\n\n\n<h2 class=\"wp-block-heading has-text-align-center\"><strong><strong>2019 \u2013 Actualidad<\/strong><\/strong><\/h2>\n\n\n\n<p style=\"font-size:22px;line-height:1.8\">Estos a\u00f1os han estados marcados, sin lugar a dudas, por la pandemia de COVID 19.<\/p>\n\n\n\n<p style=\"font-size:22px;line-height:1.8\">Si bien el par\u00f3n en la actividad del grupo solo se ci\u00f1e a los meses de confinamiento total, el miedo a contagios, la obligatoriedad de medidas de seguridad, un cambio de mentalidad en la sociedad en general\u2026 llevan a momentos complicados y a la b\u00fasqueda de nuevos formatos en los que poder continuar con la labor de difusi\u00f3n: se organizan actuaciones de peque\u00f1o formato en lugares cerrados y de aforo reducido, como las organizadas por el Ayuntamiento de Bilbao y Bizkaiko Dantzarien Biltzarra en el Museo Vasco en los a\u00f1os 2020 y 2021, o se sustituyen las actuaciones al aire libre por videos: Dantzari Eguna, Olentzero...<\/p>\n\n\n\n<div class=\"wp-block-columns is-layout-flex wp-container-core-columns-is-layout-a5331a9e wp-block-columns-is-layout-flex\" style=\"padding-top:0;padding-right:0;padding-bottom:0;padding-left:0\">\n<div class=\"wp-block-column is-layout-flow wp-block-column-is-layout-flow\">\n<div style=\"height:21px\" aria-hidden=\"true\" class=\"wp-block-spacer\"><\/div>\n\n\n\n<p style=\"font-size:22px;line-height:1.8\">El a\u00f1o 2020 coincide con la celebraci\u00f3n del 25 aniversario de la recuperaci\u00f3n del Aurresku de Bego\u00f1a, y dada la situaci\u00f3n que se vive en ese momento, se elabora un video en el interior del Museo Vasco representando el Aurresku tal y como se hubiese hecho en la parte trasera de la Bas\u00edlica en una situaci\u00f3n normal.<\/p>\n<\/div>\n\n\n\n<div class=\"wp-block-column is-layout-flow wp-block-column-is-layout-flow\">\n<figure class=\"wp-block-image aligncenter size-full\"><img loading=\"lazy\" decoding=\"async\" width=\"419\" height=\"279\" src=\"https:\/\/www.betijaialai.eus\/berria\/wp-content\/uploads\/2024\/12\/Imagen9.png\" alt=\"\" class=\"wp-image-1033\" srcset=\"https:\/\/www.betijaialai.eus\/wp-content\/uploads\/2024\/12\/Imagen9.png 419w, https:\/\/www.betijaialai.eus\/wp-content\/uploads\/2024\/12\/Imagen9-300x200.png 300w\" sizes=\"auto, (max-width: 419px) 100vw, 419px\" \/><\/figure>\n<\/div>\n<\/div>\n\n\n\n<p style=\"font-size:22px;line-height:1.8\">En diciembre de 2021, el grupo recibe el V reconocimiento de Danza Tradicional\u201d, otorgado por la Federaci\u00f3n de Danzas Vizca\u00edna, en colaboraci\u00f3n con el diario DEIA, con motivo del 25 aniversario de la recuperaci\u00f3n del Aurresku y Soka Dantza de Bego\u00f1a.<\/p>\n\n\n\n<p style=\"font-size:22px;line-height:1.8\">Sin embargo este tiempo tambi\u00e9n ha sido un buen momento en el que se empiezan nuevos proyectos ,como la colaboraci\u00f3n con las bandas municipales de Txistu y de M\u00fasica de Bilbao. Estas colaboraciones se basan en la creaci\u00f3n de coreograf\u00edas que se adaptan a las melod\u00edas propuestas por las bandas, pero sin olvidar nunca la manera tradicional de ejecutar los pasos, que es al fin y al cabo la esencia del BETI JAI ALAI.<\/p>\n\n\n\n<figure class=\"wp-block-image aligncenter size-full\"><img loading=\"lazy\" decoding=\"async\" width=\"268\" height=\"632\" src=\"https:\/\/www.betijaialai.eus\/berria\/wp-content\/uploads\/2024\/12\/Imagen10.png\" alt=\"\" class=\"wp-image-1034\" srcset=\"https:\/\/www.betijaialai.eus\/wp-content\/uploads\/2024\/12\/Imagen10.png 268w, https:\/\/www.betijaialai.eus\/wp-content\/uploads\/2024\/12\/Imagen10-127x300.png 127w\" sizes=\"auto, (max-width: 268px) 100vw, 268px\" \/><\/figure>\n\n\n\n<div style=\"height:65px\" aria-hidden=\"true\" class=\"wp-block-spacer\"><\/div>","protected":false},"excerpt":{"rendered":"<p>2019 \u2013 Gaur arte Urte hauek, zalantzarik gabe, COVID-19aren pandemiak markatu ditu. Taldearen jardueraren geldialdia erabateko konfinamenduaren hilabeteetara mugatzen bada ere, kutsatzeekiko beldurrak, segurtasun-neurrien derrigortasunak, gizartean pentsamoldea aldatzeak&#8230; une zailak [&hellip;]<\/p>\n","protected":false},"author":3,"featured_media":0,"parent":0,"menu_order":0,"comment_status":"closed","ping_status":"closed","template":"","meta":{"_uag_custom_page_level_css":"","site-sidebar-layout":"default","site-content-layout":"","ast-site-content-layout":"","site-content-style":"default","site-sidebar-style":"default","ast-global-header-display":"","ast-banner-title-visibility":"","ast-main-header-display":"","ast-hfb-above-header-display":"","ast-hfb-below-header-display":"","ast-hfb-mobile-header-display":"","site-post-title":"disabled","ast-breadcrumbs-content":"","ast-featured-img":"","footer-sml-layout":"","ast-disable-related-posts":"","theme-transparent-header-meta":"","adv-header-id-meta":"","stick-header-meta":"","header-above-stick-meta":"","header-main-stick-meta":"","header-below-stick-meta":"","astra-migrate-meta-layouts":"default","ast-page-background-enabled":"default","ast-page-background-meta":{"desktop":{"background-color":"var(--ast-global-color-4)","background-image":"","background-repeat":"repeat","background-position":"center center","background-size":"auto","background-attachment":"scroll","background-type":"","background-media":"","overlay-type":"","overlay-color":"","overlay-opacity":"","overlay-gradient":""},"tablet":{"background-color":"","background-image":"","background-repeat":"repeat","background-position":"center center","background-size":"auto","background-attachment":"scroll","background-type":"","background-media":"","overlay-type":"","overlay-color":"","overlay-opacity":"","overlay-gradient":""},"mobile":{"background-color":"","background-image":"","background-repeat":"repeat","background-position":"center center","background-size":"auto","background-attachment":"scroll","background-type":"","background-media":"","overlay-type":"","overlay-color":"","overlay-opacity":"","overlay-gradient":""}},"ast-content-background-meta":{"desktop":{"background-color":"var(--ast-global-color-5)","background-image":"","background-repeat":"repeat","background-position":"center center","background-size":"auto","background-attachment":"scroll","background-type":"","background-media":"","overlay-type":"","overlay-color":"","overlay-opacity":"","overlay-gradient":""},"tablet":{"background-color":"var(--ast-global-color-5)","background-image":"","background-repeat":"repeat","background-position":"center center","background-size":"auto","background-attachment":"scroll","background-type":"","background-media":"","overlay-type":"","overlay-color":"","overlay-opacity":"","overlay-gradient":""},"mobile":{"background-color":"var(--ast-global-color-5)","background-image":"","background-repeat":"repeat","background-position":"center center","background-size":"auto","background-attachment":"scroll","background-type":"","background-media":"","overlay-type":"","overlay-color":"","overlay-opacity":"","overlay-gradient":""}},"footnotes":""},"class_list":["post-1032","page","type-page","status-publish","hentry"],"uagb_featured_image_src":{"full":false,"thumbnail":false,"medium":false,"medium_large":false,"large":false,"1536x1536":false,"2048x2048":false,"trp-custom-language-flag":false},"uagb_author_info":{"display_name":"Sergio Perez","author_link":"https:\/\/www.betijaialai.eus\/cas\/author\/sergio\/"},"uagb_comment_info":0,"uagb_excerpt":"2019 \u2013 Gaur arte Urte hauek, zalantzarik gabe, COVID-19aren pandemiak markatu ditu. Taldearen jardueraren geldialdia erabateko konfinamenduaren hilabeteetara mugatzen bada ere, kutsatzeekiko beldurrak, segurtasun-neurrien derrigortasunak, gizartean pentsamoldea aldatzeak&#8230; une zailak [&hellip;]","_links":{"self":[{"href":"https:\/\/www.betijaialai.eus\/cas\/wp-json\/wp\/v2\/pages\/1032","targetHints":{"allow":["GET"]}}],"collection":[{"href":"https:\/\/www.betijaialai.eus\/cas\/wp-json\/wp\/v2\/pages"}],"about":[{"href":"https:\/\/www.betijaialai.eus\/cas\/wp-json\/wp\/v2\/types\/page"}],"author":[{"embeddable":true,"href":"https:\/\/www.betijaialai.eus\/cas\/wp-json\/wp\/v2\/users\/3"}],"replies":[{"embeddable":true,"href":"https:\/\/www.betijaialai.eus\/cas\/wp-json\/wp\/v2\/comments?post=1032"}],"version-history":[{"count":5,"href":"https:\/\/www.betijaialai.eus\/cas\/wp-json\/wp\/v2\/pages\/1032\/revisions"}],"predecessor-version":[{"id":1207,"href":"https:\/\/www.betijaialai.eus\/cas\/wp-json\/wp\/v2\/pages\/1032\/revisions\/1207"}],"wp:attachment":[{"href":"https:\/\/www.betijaialai.eus\/cas\/wp-json\/wp\/v2\/media?parent=1032"}],"curies":[{"name":"wp","href":"https:\/\/api.w.org\/{rel}","templated":true}]}}

<div style="height:50px" aria-hidden="true" class="wp-block-spacer"></div>



<h2 class="wp-block-heading has-text-align-center"><strong><strong>2019 – Actualidad</strong></strong></h2>



<p style="font-size:22px;line-height:1.8">Estos años han estados marcados, sin lugar a dudas, por la pandemia de COVID 19.</p>



<p style="font-size:22px;line-height:1.8">Si bien el parón en la actividad del grupo solo se ciñe a los meses de confinamiento total, el miedo a contagios, la obligatoriedad de medidas de seguridad, un cambio de mentalidad en la sociedad en general… llevan a momentos complicados y a la búsqueda de nuevos formatos en los que poder continuar con la labor de difusión: se organizan actuaciones de pequeño formato en lugares cerrados y de aforo reducido, como las organizadas por el Ayuntamiento de Bilbao y Bizkaiko Dantzarien Biltzarra en el Museo Vasco en los años 2020 y 2021, o se sustituyen las actuaciones al aire libre por videos: Dantzari Eguna, Olentzero...</p>



<div class="wp-block-columns is-layout-flex wp-container-core-columns-is-layout-a5331a9e wp-block-columns-is-layout-flex" style="padding-top:0;padding-right:0;padding-bottom:0;padding-left:0">
<div class="wp-block-column is-layout-flow wp-block-column-is-layout-flow">
<div style="height:21px" aria-hidden="true" class="wp-block-spacer"></div>



<p style="font-size:22px;line-height:1.8">El año 2020 coincide con la celebración del 25 aniversario de la recuperación del Aurresku de Begoña, y dada la situación que se vive en ese momento, se elabora un video en el interior del Museo Vasco representando el Aurresku tal y como se hubiese hecho en la parte trasera de la Basílica en una situación normal.</p>
</div>



<div class="wp-block-column is-layout-flow wp-block-column-is-layout-flow">
<figure class="wp-block-image aligncenter size-full"><img loading="lazy" decoding="async" width="419" height="279" src="https://www.betijaialai.eus/berria/wp-content/uploads/2024/12/Imagen9.png" alt="" class="wp-image-1033" srcset="https://www.betijaialai.eus/wp-content/uploads/2024/12/Imagen9.png 419w, https://www.betijaialai.eus/wp-content/uploads/2024/12/Imagen9-300x200.png 300w" sizes="auto, (max-width: 419px) 100vw, 419px" /></figure>
</div>
</div>



<p style="font-size:22px;line-height:1.8">En diciembre de 2021, el grupo recibe el V reconocimiento de Danza Tradicional”, otorgado por la Federación de Danzas Vizcaína, en colaboración con el diario DEIA, con motivo del 25 aniversario de la recuperación del Aurresku y Soka Dantza de Begoña.</p>



<p style="font-size:22px;line-height:1.8">Sin embargo este tiempo también ha sido un buen momento en el que se empiezan nuevos proyectos ,como la colaboración con las bandas municipales de Txistu y de Música de Bilbao. Estas colaboraciones se basan en la creación de coreografías que se adaptan a las melodías propuestas por las bandas, pero sin olvidar nunca la manera tradicional de ejecutar los pasos, que es al fin y al cabo la esencia del BETI JAI ALAI.</p>



<figure class="wp-block-image aligncenter size-full"><img loading="lazy" decoding="async" width="268" height="632" src="https://www.betijaialai.eus/berria/wp-content/uploads/2024/12/Imagen10.png" alt="" class="wp-image-1034" srcset="https://www.betijaialai.eus/wp-content/uploads/2024/12/Imagen10.png 268w, https://www.betijaialai.eus/wp-content/uploads/2024/12/Imagen10-127x300.png 127w" sizes="auto, (max-width: 268px) 100vw, 268px" /></figure>



<div style="height:65px" aria-hidden="true" class="wp-block-spacer"></div>
