{"id":709,"date":"2024-11-01T11:48:42","date_gmt":"2024-11-01T10:48:42","guid":{"rendered":"https:\/\/www.betijaialai.eus\/berria\/?page_id=709"},"modified":"2025-03-12T20:46:02","modified_gmt":"2025-03-12T19:46:02","slug":"70-hamarkada","status":"publish","type":"page","link":"https:\/\/www.betijaialai.eus\/cas\/70-hamarkada\/","title":{"rendered":"D\u00e9cada de los 70"},"content":{"rendered":"<div style=\"height:50px\" aria-hidden=\"true\" class=\"wp-block-spacer\"><\/div>\n\n\n\n<h2 class=\"wp-block-heading has-text-align-center\"> <strong>7<\/strong>D\u00e9cada de los 70 - 1988: Cine avenida<\/h2>\n\n\n\n<div style=\"height:50px\" aria-hidden=\"true\" class=\"wp-block-spacer\"><\/div>\n\n\n\n<p style=\"font-size:22px;line-height:1.8;text-transform:none\">A medida que el grupo crece, las necesidades de un nuevo lugar para ensayar y guardar la ropa son cada vez mayores, por ello, es necesario buscar una ubicaci\u00f3n m\u00e1s adecuada. En ese momento, la Parroquia Inmaculada Concepci\u00f3n en Sabino Arana, sin mayor problema, cede 4 locales: el antiguo sal\u00f3n del Cine Avenida para ensayar, un cuarto para guardar el vestuario, y otras dos salas que se utilizan como euskaltegi (donde muchos miembros del grupo empiezan a aprender euskera) y txoko.<\/p>\n\n\n\n<div class=\"wp-block-columns is-layout-flex wp-container-core-columns-is-layout-255d1d50 wp-block-columns-is-layout-flex\" style=\"margin-top:-15px;padding-right:0;padding-left:0\">\n<div class=\"wp-block-column is-layout-flow wp-block-column-is-layout-flow\">\n<figure class=\"wp-block-image size-full is-style-default\"><img loading=\"lazy\" decoding=\"async\" width=\"539\" height=\"389\" src=\"https:\/\/www.betijaialai.eus\/berria\/wp-content\/uploads\/2024\/11\/Imagen3.png\" alt=\"\" class=\"wp-image-716\" srcset=\"https:\/\/www.betijaialai.eus\/wp-content\/uploads\/2024\/11\/Imagen3.png 539w, https:\/\/www.betijaialai.eus\/wp-content\/uploads\/2024\/11\/Imagen3-300x217.png 300w\" sizes=\"auto, (max-width: 539px) 100vw, 539px\" \/><\/figure>\n<\/div>\n\n\n\n<div class=\"wp-block-column is-layout-flow wp-block-column-is-layout-flow\">\n<p style=\"font-size:22px;line-height:1.8;text-transform:none\">En esas salas se organizan actividades o simplemente se re\u00fanen y divierten los miembros del grupo de aquella \u00e9poca, y es que uno de los principales objetivos del Beti Jai Alai ha sido siembre alejarse del modelo cl\u00e1sico de academia, e intentar que el grupo, que siempre ha sido gestionado por personas voluntarias, tanto para dirigir, como para ense\u00f1ar o colaborar en temas de investigaci\u00f3n o formaci\u00f3n, sea una herramienta que sirva para establecer relaciones entre personas que a pesar de tener ideolog\u00edas o puntos de vista diferente, tengan en com\u00fan el deseo de conocer y difundir la cultura vasca.<\/p>\n<\/div>\n<\/div>\n\n\n\n<p style=\"margin-top:-10px;font-size:22px;line-height:1.8;text-transform:none\">Areto horietan jarduerak antolatzen dira edo, besterik gabe, garai hartako taldekideak biltzen eta dibertitzen dira. Izan ere, Beti Jai Alairen helburu nagusietako bat akademiaren eredu klasikotik aldentzea izan da beti, eta, ideologia edo ikuspuntu desberdinak izan arren, euskal kultura ezagutzeko eta zabaltzeko nahia komunean duten pertsonen arteko harremanak ezartzeko tresna izan dadin saiatzea.<\/p>\n\n\n\n<div class=\"wp-block-columns is-layout-flex wp-container-core-columns-is-layout-255d1d50 wp-block-columns-is-layout-flex\" style=\"margin-top:-15px;padding-right:0;padding-left:0\">\n<div class=\"wp-block-column is-layout-flow wp-block-column-is-layout-flow\">\n<p style=\"font-size:22px;line-height:1.8;text-transform:none\">En esos a\u00f1os en los que en la mayor\u00eda de los carteles de fiestas de los pueblos y ciudades aparece un grupo de danzas, el grupo recorre la mayor parte de los pueblos de Bizkaia, a la vez que comienza a ampliar el repertorio de bailes y vestuario, intentando reflejar de la manera m\u00e1s fidedigna posible las danzas y tradiciones de pueblos de toda Euskal Herria.<\/p>\n\n\n\n<p style=\"font-size:22px;line-height:1.8\">Son a\u00f1os en los que, grabadora en mano, se visitan muchos pueblos que siguen manteniendo vivas sus tradiciones, para aprender y poder representaras posteriormente a lo largo de toda Euskal Herria; a\u00f1os en los que se inician contactos con grupos de danza aut\u00f3ctonos y con los que en la mayor\u00eda de los casos se han mantenido relaciones hasta hoy d\u00eda.<\/p>\n<\/div>\n\n\n\n<div class=\"wp-block-column is-layout-flow wp-block-column-is-layout-flow\">\n<div style=\"height:50px\" aria-hidden=\"true\" class=\"wp-block-spacer\"><\/div>\n\n\n\n<figure class=\"wp-block-image aligncenter size-full\"><img loading=\"lazy\" decoding=\"async\" width=\"539\" height=\"364\" src=\"https:\/\/www.betijaialai.eus\/berria\/wp-content\/uploads\/2024\/11\/Imagen4.png\" alt=\"\" class=\"wp-image-718\" srcset=\"https:\/\/www.betijaialai.eus\/wp-content\/uploads\/2024\/11\/Imagen4.png 539w, https:\/\/www.betijaialai.eus\/wp-content\/uploads\/2024\/11\/Imagen4-300x203.png 300w\" sizes=\"auto, (max-width: 539px) 100vw, 539px\" \/><\/figure>\n<\/div>\n<\/div>\n\n\n\n<p style=\"margin-top:-10px;font-size:22px;line-height:1.8;text-transform:none\">Esta ha sido la filosof\u00eda que ha caracterizado al Beti Jai Alai en toda su trayectoria, un grupo de danzas urbano que, salvo en una \u00e9poca posterior en la que ha recreado algunas danzas perdidas, se ha dedicado a representar fielmente las danzas tradicionales de la mayor parte de la geograf\u00eda de Euskal Herria.<\/p>\n\n\n\n<p style=\"margin-top:-15px;font-size:22px;line-height:1.8;text-transform:none\">En esta \u00e9poca se aprendien la Dantzari Dantza al estilo de Iurreta, Kaixarranda y Eguzki Dantaza de Lekeitio, Mahaigainekoak de Mendexa, danza de aros de Lanestosa, Xemeingo Dantza, Txakolin, Luzaideko Dantzak\u2026<\/p>\n\n\n\n<div class=\"wp-block-columns is-layout-flex wp-container-core-columns-is-layout-255d1d50 wp-block-columns-is-layout-flex\" style=\"margin-top:-15px;padding-right:0;padding-left:0\">\n<div class=\"wp-block-column is-layout-flow wp-block-column-is-layout-flow\">\n<figure class=\"wp-block-image aligncenter size-full is-resized\"><img loading=\"lazy\" decoding=\"async\" width=\"308\" height=\"465\" src=\"https:\/\/www.betijaialai.eus\/berria\/wp-content\/uploads\/2024\/11\/Imagen5.png\" alt=\"\" class=\"wp-image-720\" style=\"width:375px;height:auto\" srcset=\"https:\/\/www.betijaialai.eus\/wp-content\/uploads\/2024\/11\/Imagen5.png 308w, https:\/\/www.betijaialai.eus\/wp-content\/uploads\/2024\/11\/Imagen5-199x300.png 199w\" sizes=\"auto, (max-width: 308px) 100vw, 308px\" \/><\/figure>\n<\/div>\n\n\n\n<div class=\"wp-block-column is-layout-flow wp-block-column-is-layout-flow\">\n<div style=\"height:50px\" aria-hidden=\"true\" class=\"wp-block-spacer\"><\/div>\n\n\n\n<p style=\"font-size:22px;line-height:1.8\">Entre las relaciones que se forjaron esos a\u00f1os, cabe destacar la que se mantiene con el grupo Argia de Donostia, grupo que en aquella \u00e9poca tuvo gran influencia y que aport\u00f3 un cambio importante en el mundo de la danza y el folklore vasco.<\/p>\n\n\n\n<p style=\"font-size:22px;line-height:1.8\">Tambi\u00e9n se mantienen lazos muy estrechos con la Federaci\u00f3n de danzas, Euskal Dantzarien Biltzarra, que comienza a trabajar en Hegoalde a principios de los a\u00f1os 70, y que incluso llega a utilizar el propio local del Beti Jai Alai para algunos ensayos y reuniones.<\/p>\n<\/div>\n<\/div>\n\n\n\n<p style=\"margin-top:-15px;font-size:22px;line-height:1.8\">En esta \u00e9poca en la que los trikitrilaris o txistularis que estuvieron en los comienzos (Salvador Ugarte, Balbino Ojanguren, Silvestre Elezkano \u201cTxilibrin\u201d, Segundo Aldama\u2026) ya no estan, van llegando nuevos m\u00fasicos que aprenden a tocar varios instrumentos adem\u00e1s del txistu (alboka, txalaparta, gaita\u2026). Ese es el caso de Kepa Junkera, I\u00f1aki Zabaleta, \u201cMotriko\u201d, o I\u00f1aki Egiluz, que en algunos casos han llegado a ser m\u00fasicos relevantes.<\/p>\n\n\n\n<p class=\"has-text-align-right has-ast-global-color-0-color has-text-color has-link-color wp-elements-c8ad27d4f3d58f15e00853e7dc72b481\" style=\"font-size:18px\"><a href=\"https:\/\/www.betijaialai.eus\/cas\/berria\/1988-2004-malako-estarta\/\">Seguir leyendo<\/a><\/p>\n\n\n\n<div style=\"height:65px\" aria-hidden=\"true\" class=\"wp-block-spacer\"><\/div>","protected":false},"excerpt":{"rendered":"<p>70. HAMARKADA &#8211; 1988: AVENIDA ZINEMA Taldea hazi ahala, arropa entseatzeko eta gordetzeko leku berri baten beharrak gero eta handiagoak dira; horregatik, kokapen egokiagoa bilatu behar da. Une horretan, Sabino [&hellip;]<\/p>\n","protected":false},"author":3,"featured_media":0,"parent":0,"menu_order":0,"comment_status":"closed","ping_status":"closed","template":"","meta":{"_uag_custom_page_level_css":"","site-sidebar-layout":"default","site-content-layout":"","ast-site-content-layout":"default","site-content-style":"default","site-sidebar-style":"default","ast-global-header-display":"","ast-banner-title-visibility":"","ast-main-header-display":"","ast-hfb-above-header-display":"","ast-hfb-below-header-display":"","ast-hfb-mobile-header-display":"","site-post-title":"disabled","ast-breadcrumbs-content":"","ast-featured-img":"","footer-sml-layout":"","ast-disable-related-posts":"","theme-transparent-header-meta":"","adv-header-id-meta":"","stick-header-meta":"","header-above-stick-meta":"","header-main-stick-meta":"","header-below-stick-meta":"","astra-migrate-meta-layouts":"default","ast-page-background-enabled":"default","ast-page-background-meta":{"desktop":{"background-color":"var(--ast-global-color-4)","background-image":"","background-repeat":"repeat","background-position":"center center","background-size":"auto","background-attachment":"scroll","background-type":"","background-media":"","overlay-type":"","overlay-color":"","overlay-opacity":"","overlay-gradient":""},"tablet":{"background-color":"","background-image":"","background-repeat":"repeat","background-position":"center center","background-size":"auto","background-attachment":"scroll","background-type":"","background-media":"","overlay-type":"","overlay-color":"","overlay-opacity":"","overlay-gradient":""},"mobile":{"background-color":"","background-image":"","background-repeat":"repeat","background-position":"center center","background-size":"auto","background-attachment":"scroll","background-type":"","background-media":"","overlay-type":"","overlay-color":"","overlay-opacity":"","overlay-gradient":""}},"ast-content-background-meta":{"desktop":{"background-color":"var(--ast-global-color-5)","background-image":"","background-repeat":"repeat","background-position":"center center","background-size":"auto","background-attachment":"scroll","background-type":"","background-media":"","overlay-type":"","overlay-color":"","overlay-opacity":"","overlay-gradient":""},"tablet":{"background-color":"var(--ast-global-color-5)","background-image":"","background-repeat":"repeat","background-position":"center center","background-size":"auto","background-attachment":"scroll","background-type":"","background-media":"","overlay-type":"","overlay-color":"","overlay-opacity":"","overlay-gradient":""},"mobile":{"background-color":"var(--ast-global-color-5)","background-image":"","background-repeat":"repeat","background-position":"center center","background-size":"auto","background-attachment":"scroll","background-type":"","background-media":"","overlay-type":"","overlay-color":"","overlay-opacity":"","overlay-gradient":""}},"footnotes":""},"class_list":["post-709","page","type-page","status-publish","hentry"],"uagb_featured_image_src":{"full":false,"thumbnail":false,"medium":false,"medium_large":false,"large":false,"1536x1536":false,"2048x2048":false,"trp-custom-language-flag":false},"uagb_author_info":{"display_name":"Sergio Perez","author_link":"https:\/\/www.betijaialai.eus\/cas\/author\/sergio\/"},"uagb_comment_info":0,"uagb_excerpt":"70. HAMARKADA &#8211; 1988: AVENIDA ZINEMA Taldea hazi ahala, arropa entseatzeko eta gordetzeko leku berri baten beharrak gero eta handiagoak dira; horregatik, kokapen egokiagoa bilatu behar da. Une horretan, Sabino [&hellip;]","_links":{"self":[{"href":"https:\/\/www.betijaialai.eus\/cas\/wp-json\/wp\/v2\/pages\/709","targetHints":{"allow":["GET"]}}],"collection":[{"href":"https:\/\/www.betijaialai.eus\/cas\/wp-json\/wp\/v2\/pages"}],"about":[{"href":"https:\/\/www.betijaialai.eus\/cas\/wp-json\/wp\/v2\/types\/page"}],"author":[{"embeddable":true,"href":"https:\/\/www.betijaialai.eus\/cas\/wp-json\/wp\/v2\/users\/3"}],"replies":[{"embeddable":true,"href":"https:\/\/www.betijaialai.eus\/cas\/wp-json\/wp\/v2\/comments?post=709"}],"version-history":[{"count":28,"href":"https:\/\/www.betijaialai.eus\/cas\/wp-json\/wp\/v2\/pages\/709\/revisions"}],"predecessor-version":[{"id":1084,"href":"https:\/\/www.betijaialai.eus\/cas\/wp-json\/wp\/v2\/pages\/709\/revisions\/1084"}],"wp:attachment":[{"href":"https:\/\/www.betijaialai.eus\/cas\/wp-json\/wp\/v2\/media?parent=709"}],"curies":[{"name":"wp","href":"https:\/\/api.w.org\/{rel}","templated":true}]}}

Década de los 70

<div style="height:50px" aria-hidden="true" class="wp-block-spacer"></div>



<h2 class="wp-block-heading has-text-align-center"> <strong>7</strong>Década de los 70 - 1988: Cine avenida</h2>



<div style="height:50px" aria-hidden="true" class="wp-block-spacer"></div>



<p style="font-size:22px;line-height:1.8;text-transform:none">A medida que el grupo crece, las necesidades de un nuevo lugar para ensayar y guardar la ropa son cada vez mayores, por ello, es necesario buscar una ubicación más adecuada. En ese momento, la Parroquia Inmaculada Concepción en Sabino Arana, sin mayor problema, cede 4 locales: el antiguo salón del Cine Avenida para ensayar, un cuarto para guardar el vestuario, y otras dos salas que se utilizan como euskaltegi (donde muchos miembros del grupo empiezan a aprender euskera) y txoko.</p>



<div class="wp-block-columns is-layout-flex wp-container-core-columns-is-layout-255d1d50 wp-block-columns-is-layout-flex" style="margin-top:-15px;padding-right:0;padding-left:0">
<div class="wp-block-column is-layout-flow wp-block-column-is-layout-flow">
<figure class="wp-block-image size-full is-style-default"><img loading="lazy" decoding="async" width="539" height="389" src="https://www.betijaialai.eus/berria/wp-content/uploads/2024/11/Imagen3.png" alt="" class="wp-image-716" srcset="https://www.betijaialai.eus/wp-content/uploads/2024/11/Imagen3.png 539w, https://www.betijaialai.eus/wp-content/uploads/2024/11/Imagen3-300x217.png 300w" sizes="auto, (max-width: 539px) 100vw, 539px" /></figure>
</div>



<div class="wp-block-column is-layout-flow wp-block-column-is-layout-flow">
<p style="font-size:22px;line-height:1.8;text-transform:none">En esas salas se organizan actividades o simplemente se reúnen y divierten los miembros del grupo de aquella época, y es que uno de los principales objetivos del Beti Jai Alai ha sido siembre alejarse del modelo clásico de academia, e intentar que el grupo, que siempre ha sido gestionado por personas voluntarias, tanto para dirigir, como para enseñar o colaborar en temas de investigación o formación, sea una herramienta que sirva para establecer relaciones entre personas que a pesar de tener ideologías o puntos de vista diferente, tengan en común el deseo de conocer y difundir la cultura vasca.</p>
</div>
</div>



<p style="margin-top:-10px;font-size:22px;line-height:1.8;text-transform:none">Areto horietan jarduerak antolatzen dira edo, besterik gabe, garai hartako taldekideak biltzen eta dibertitzen dira. Izan ere, Beti Jai Alairen helburu nagusietako bat akademiaren eredu klasikotik aldentzea izan da beti, eta, ideologia edo ikuspuntu desberdinak izan arren, euskal kultura ezagutzeko eta zabaltzeko nahia komunean duten pertsonen arteko harremanak ezartzeko tresna izan dadin saiatzea.</p>



<div class="wp-block-columns is-layout-flex wp-container-core-columns-is-layout-255d1d50 wp-block-columns-is-layout-flex" style="margin-top:-15px;padding-right:0;padding-left:0">
<div class="wp-block-column is-layout-flow wp-block-column-is-layout-flow">
<p style="font-size:22px;line-height:1.8;text-transform:none">En esos años en los que en la mayoría de los carteles de fiestas de los pueblos y ciudades aparece un grupo de danzas, el grupo recorre la mayor parte de los pueblos de Bizkaia, a la vez que comienza a ampliar el repertorio de bailes y vestuario, intentando reflejar de la manera más fidedigna posible las danzas y tradiciones de pueblos de toda Euskal Herria.</p>



<p style="font-size:22px;line-height:1.8">Son años en los que, grabadora en mano, se visitan muchos pueblos que siguen manteniendo vivas sus tradiciones, para aprender y poder representaras posteriormente a lo largo de toda Euskal Herria; años en los que se inician contactos con grupos de danza autóctonos y con los que en la mayoría de los casos se han mantenido relaciones hasta hoy día.</p>
</div>



<div class="wp-block-column is-layout-flow wp-block-column-is-layout-flow">
<div style="height:50px" aria-hidden="true" class="wp-block-spacer"></div>



<figure class="wp-block-image aligncenter size-full"><img loading="lazy" decoding="async" width="539" height="364" src="https://www.betijaialai.eus/berria/wp-content/uploads/2024/11/Imagen4.png" alt="" class="wp-image-718" srcset="https://www.betijaialai.eus/wp-content/uploads/2024/11/Imagen4.png 539w, https://www.betijaialai.eus/wp-content/uploads/2024/11/Imagen4-300x203.png 300w" sizes="auto, (max-width: 539px) 100vw, 539px" /></figure>
</div>
</div>



<p style="margin-top:-10px;font-size:22px;line-height:1.8;text-transform:none">Esta ha sido la filosofía que ha caracterizado al Beti Jai Alai en toda su trayectoria, un grupo de danzas urbano que, salvo en una época posterior en la que ha recreado algunas danzas perdidas, se ha dedicado a representar fielmente las danzas tradicionales de la mayor parte de la geografía de Euskal Herria.</p>



<p style="margin-top:-15px;font-size:22px;line-height:1.8;text-transform:none">En esta época se aprendien la Dantzari Dantza al estilo de Iurreta, Kaixarranda y Eguzki Dantaza de Lekeitio, Mahaigainekoak de Mendexa, danza de aros de Lanestosa, Xemeingo Dantza, Txakolin, Luzaideko Dantzak…</p>



<div class="wp-block-columns is-layout-flex wp-container-core-columns-is-layout-255d1d50 wp-block-columns-is-layout-flex" style="margin-top:-15px;padding-right:0;padding-left:0">
<div class="wp-block-column is-layout-flow wp-block-column-is-layout-flow">
<figure class="wp-block-image aligncenter size-full is-resized"><img loading="lazy" decoding="async" width="308" height="465" src="https://www.betijaialai.eus/berria/wp-content/uploads/2024/11/Imagen5.png" alt="" class="wp-image-720" style="width:375px;height:auto" srcset="https://www.betijaialai.eus/wp-content/uploads/2024/11/Imagen5.png 308w, https://www.betijaialai.eus/wp-content/uploads/2024/11/Imagen5-199x300.png 199w" sizes="auto, (max-width: 308px) 100vw, 308px" /></figure>
</div>



<div class="wp-block-column is-layout-flow wp-block-column-is-layout-flow">
<div style="height:50px" aria-hidden="true" class="wp-block-spacer"></div>



<p style="font-size:22px;line-height:1.8">Entre las relaciones que se forjaron esos años, cabe destacar la que se mantiene con el grupo Argia de Donostia, grupo que en aquella época tuvo gran influencia y que aportó un cambio importante en el mundo de la danza y el folklore vasco.</p>



<p style="font-size:22px;line-height:1.8">También se mantienen lazos muy estrechos con la Federación de danzas, Euskal Dantzarien Biltzarra, que comienza a trabajar en Hegoalde a principios de los años 70, y que incluso llega a utilizar el propio local del Beti Jai Alai para algunos ensayos y reuniones.</p>
</div>
</div>



<p style="margin-top:-15px;font-size:22px;line-height:1.8">En esta época en la que los trikitrilaris o txistularis que estuvieron en los comienzos (Salvador Ugarte, Balbino Ojanguren, Silvestre Elezkano “Txilibrin”, Segundo Aldama…) ya no estan, van llegando nuevos músicos que aprenden a tocar varios instrumentos además del txistu (alboka, txalaparta, gaita…). Ese es el caso de Kepa Junkera, Iñaki Zabaleta, “Motriko”, o Iñaki Egiluz, que en algunos casos han llegado a ser músicos relevantes.</p>



<p class="has-text-align-right has-ast-global-color-0-color has-text-color has-link-color wp-elements-c8ad27d4f3d58f15e00853e7dc72b481" style="font-size:18px"><a href="https://www.betijaialai.eus/cas/berria/1988-2004-malako-estarta/">Seguir leyendo</a></p>



<div style="height:65px" aria-hidden="true" class="wp-block-spacer"></div>
